{"id":153,"date":"2016-09-23T08:08:41","date_gmt":"2016-09-23T07:08:41","guid":{"rendered":"http:\/\/www.visavis-immobilien.de\/?page_id=153"},"modified":"2021-01-13T11:26:47","modified_gmt":"2021-01-13T10:26:47","slug":"leistungen","status":"publish","type":"page","link":"https:\/\/www.visavis-immobilien.de\/?page_id=153","title":{"rendered":"Dienstleistungen"},"content":{"rendered":"<p>Wir suchen regelm\u00e4\u00dfig f\u00fcr vorgemerkte, solvente Kunden H\u00e4user, Wohnungen, bebaute und unbebaute Grundst\u00fccke.<\/p>\n<p>Sie m\u00f6chten Ihre Alterssicherung rechtzeitig planen, im famili\u00e4ren Umfeld gibt es Ver\u00e4nderungen und Sie m\u00f6chten den Wert Ihrer Immobilie solide, fachkompetent einsch\u00e4tzen lassen? Dann sprechen Sie uns gern an. Unsere zertifizierte Sachverst\u00e4ndige \u00a0f\u00fcr bebaute und unbebaute Immobilien ermittelt f\u00fcr Sie den aktuellen Wert und steht Ihnen mit Rat und Tat zur Verf\u00fcgung.<\/p>\n<p>Den passenden Mieter zu finden, bedeutet viel Fingerspitzengef\u00fchl, raschen Zugang zu B\u00f6nit\u00e4tsauskunfteien, Markt- und Menschenkenntnis sowie fundierte Kenntnisse im sich rasch ver\u00e4ndernden Mietrecht. Ihnen ist die Mietersuche mit vielen Besichtigungsterminen zu aufw\u00e4ndig und k\u00f6nnen Sie keine Bonit\u00e4tspr\u00fcfung \/ Schufa einholen?<\/p>\n<p>Dann sprechen Sie uns bitte an. Unser Vermietungsteam ber\u00e4t Sie kostenlos und zeigt Ihnen den Weg zur erfolgreichen langfristigen Vermietung.<\/p>\n","protected":false},"excerpt":{"rendered":"<p>Wir suchen regelm\u00e4\u00dfig f\u00fcr vorgemerkte, solvente Kunden H\u00e4user, Wohnungen, bebaute und unbebaute Grundst\u00fccke. Sie m\u00f6chten Ihre Alterssicherung rechtzeitig planen, im famili\u00e4ren Umfeld gibt es Ver\u00e4nderungen und Sie m\u00f6chten den Wert Ihrer Immobilie solide, fachkompetent einsch\u00e4tzen lassen? Dann sprechen Sie uns gern an. Unsere zertifizierte Sachverst\u00e4ndige \u00a0f\u00fcr bebaute und unbebaute Immobilien ermittelt f\u00fcr Sie den aktuellen [&hellip;]<\/p>\n","protected":false},"author":1,"featured_media":0,"parent":0,"menu_order":0,"comment_status":"closed","ping_status":"closed","template":"","meta":{"jetpack_post_was_ever_published":false,"footnotes":""},"class_list":["post-153","page","type-page","status-publish","hentry"],"jetpack_sharing_enabled":true,"jetpack_shortlink":"https:\/\/wp.me\/P7SvtH-2t","_links":{"self":[{"href":"https:\/\/www.visavis-immobilien.de\/index.php?rest_route=\/wp\/v2\/pages\/153","targetHints":{"allow":["GET"]}}],"collection":[{"href":"https:\/\/www.visavis-immobilien.de\/index.php?rest_route=\/wp\/v2\/pages"}],"about":[{"href":"https:\/\/www.visavis-immobilien.de\/index.php?rest_route=\/wp\/v2\/types\/page"}],"author":[{"embeddable":true,"href":"https:\/\/www.visavis-immobilien.de\/index.php?rest_route=\/wp\/v2\/users\/1"}],"replies":[{"embeddable":true,"href":"https:\/\/www.visavis-immobilien.de\/index.php?rest_route=%2Fwp%2Fv2%2Fcomments&post=153"}],"version-history":[{"count":4,"href":"https:\/\/www.visavis-immobilien.de\/index.php?rest_route=\/wp\/v2\/pages\/153\/revisions"}],"predecessor-version":[{"id":226,"href":"https:\/\/www.visavis-immobilien.de\/index.php?rest_route=\/wp\/v2\/pages\/153\/revisions\/226"}],"wp:attachment":[{"href":"https:\/\/www.visavis-immobilien.de\/index.php?rest_route=%2Fwp%2Fv2%2Fmedia&parent=153"}],"curies":[{"name":"wp","href":"https:\/\/api.w.org\/{rel}","templated":true}]}}