{"id":122,"date":"2016-09-21T14:34:17","date_gmt":"2016-09-21T13:34:17","guid":{"rendered":"http:\/\/www.visavis-immobilien.de\/?page_id=122"},"modified":"2025-01-07T13:35:55","modified_gmt":"2025-01-07T12:35:55","slug":"team","status":"publish","type":"page","link":"https:\/\/www.visavis-immobilien.de\/?page_id=122","title":{"rendered":"Team"},"content":{"rendered":"<p style=\"text-align: left;\"><strong><span style=\"font-size: 18pt;\">VIS \u00e0 VIS Immobilien<\/span><\/strong><br \/>\nIhre Werte in fachkompetenten H\u00e4nden<\/p>\n<p style=\"text-align: left;\">Unsere ausgebildeten Immobilienkaufleute und gepr\u00fcfte Immobilienfachwirte, verpflichten sich zu regelm\u00e4\u00dfiger Weiterbildungen.<\/p>\n<p>So garantieren wir Ihnen\u00a0eine gr\u00f6\u00dftm\u00f6gliche Sicherheit und den bestm\u00f6glichen Umgang mit ihren Werten. Denn Immobilienkauf und -verkauf ist Vertrauenssache und eine Entscheidung mit gro\u00dfer finanzieller Tragweite. Ihre Zufriedenheit und Ihre Werte stehen f\u00fcr uns an erster Stelle!<\/p>\n<p>&nbsp;<\/p>\n","protected":false},"excerpt":{"rendered":"<p>VIS \u00e0 VIS Immobilien Ihre Werte in fachkompetenten H\u00e4nden Unsere ausgebildeten Immobilienkaufleute und gepr\u00fcfte Immobilienfachwirte, verpflichten sich zu regelm\u00e4\u00dfiger Weiterbildungen. So garantieren wir Ihnen\u00a0eine gr\u00f6\u00dftm\u00f6gliche Sicherheit und den bestm\u00f6glichen Umgang mit ihren Werten. Denn Immobilienkauf und -verkauf ist Vertrauenssache und eine Entscheidung mit gro\u00dfer finanzieller Tragweite. Ihre Zufriedenheit und Ihre Werte stehen f\u00fcr uns an [&hellip;]<\/p>\n","protected":false},"author":1,"featured_media":0,"parent":0,"menu_order":0,"comment_status":"closed","ping_status":"closed","template":"","meta":{"jetpack_post_was_ever_published":false,"footnotes":""},"class_list":["post-122","page","type-page","status-publish","hentry"],"jetpack_sharing_enabled":true,"jetpack_shortlink":"https:\/\/wp.me\/P7SvtH-1Y","_links":{"self":[{"href":"https:\/\/www.visavis-immobilien.de\/index.php?rest_route=\/wp\/v2\/pages\/122","targetHints":{"allow":["GET"]}}],"collection":[{"href":"https:\/\/www.visavis-immobilien.de\/index.php?rest_route=\/wp\/v2\/pages"}],"about":[{"href":"https:\/\/www.visavis-immobilien.de\/index.php?rest_route=\/wp\/v2\/types\/page"}],"author":[{"embeddable":true,"href":"https:\/\/www.visavis-immobilien.de\/index.php?rest_route=\/wp\/v2\/users\/1"}],"replies":[{"embeddable":true,"href":"https:\/\/www.visavis-immobilien.de\/index.php?rest_route=%2Fwp%2Fv2%2Fcomments&post=122"}],"version-history":[{"count":10,"href":"https:\/\/www.visavis-immobilien.de\/index.php?rest_route=\/wp\/v2\/pages\/122\/revisions"}],"predecessor-version":[{"id":256,"href":"https:\/\/www.visavis-immobilien.de\/index.php?rest_route=\/wp\/v2\/pages\/122\/revisions\/256"}],"wp:attachment":[{"href":"https:\/\/www.visavis-immobilien.de\/index.php?rest_route=%2Fwp%2Fv2%2Fmedia&parent=122"}],"curies":[{"name":"wp","href":"https:\/\/api.w.org\/{rel}","templated":true}]}}