{"id":12,"date":"2016-09-08T13:10:44","date_gmt":"2016-09-08T12:10:44","guid":{"rendered":"http:\/\/www.visavis-immobilien.de\/?page_id=12"},"modified":"2025-01-07T13:04:48","modified_gmt":"2025-01-07T12:04:48","slug":"wilkommen","status":"publish","type":"page","link":"https:\/\/www.visavis-immobilien.de\/?page_id=12","title":{"rendered":"Impressum"},"content":{"rendered":"<p><strong>Impressum<\/strong><br \/>\nVIS \u00e0 VIS Immobilien<br \/>\nVertretungsberechtigter: Christian Nieke<br \/>\nEversweg 29, 28279 Bremen<br \/>\nTelefon: +49 (0) 4 21 \/ 80 62 110<\/p>\n<p>Gesetzlicher Vertreter: Christian Nieke<br \/>\nGewerbeerlaubnis gem. \u00a734c GewO wurde erteilt durch: Gemeinde Stuhr<br \/>\nZust\u00e4ndige Aufsichtsbeh\u00f6rde: Gewerbeamt Bremen (G-Nr: 03251387) nach \u00a7 34c Gewerbeordnung<\/p>\n<p>Verbraucherinformationen: Online-Streitbeilegung gem\u00e4\u00df Art. 14 Abs. 1 ODR-VO: Die Europ\u00e4ische Kommission stellt eine Plattform zur Online-Streitbeilegung (OS) bereit, die Sie hier finden <a href=\"http:\/\/ec.europa.eu\/consumers\/odr\/\">http:\/\/ec.europa.eu\/consumers\/odr\/<\/a>. Verbraucher haben die M\u00f6glichkeit, diese Plattform f\u00fcr die Beilegung ihrer Streitigkeiten zu nutzen.<\/p>\n","protected":false},"excerpt":{"rendered":"<p>Impressum VIS \u00e0 VIS Immobilien Vertretungsberechtigter: Christian Nieke Eversweg 29, 28279 Bremen Telefon: +49 (0) 4 21 \/ 80 62 110 Gesetzlicher Vertreter: Christian Nieke Gewerbeerlaubnis gem. \u00a734c GewO wurde erteilt durch: Gemeinde Stuhr Zust\u00e4ndige Aufsichtsbeh\u00f6rde: Gewerbeamt Bremen (G-Nr: 03251387) nach \u00a7 34c Gewerbeordnung Verbraucherinformationen: Online-Streitbeilegung gem\u00e4\u00df Art. 14 Abs. 1 ODR-VO: Die Europ\u00e4ische Kommission [&hellip;]<\/p>\n","protected":false},"author":1,"featured_media":0,"parent":0,"menu_order":0,"comment_status":"closed","ping_status":"closed","template":"","meta":{"jetpack_post_was_ever_published":false,"footnotes":""},"class_list":["post-12","page","type-page","status-publish","hentry"],"jetpack_sharing_enabled":true,"jetpack_shortlink":"https:\/\/wp.me\/P7SvtH-c","_links":{"self":[{"href":"https:\/\/www.visavis-immobilien.de\/index.php?rest_route=\/wp\/v2\/pages\/12","targetHints":{"allow":["GET"]}}],"collection":[{"href":"https:\/\/www.visavis-immobilien.de\/index.php?rest_route=\/wp\/v2\/pages"}],"about":[{"href":"https:\/\/www.visavis-immobilien.de\/index.php?rest_route=\/wp\/v2\/types\/page"}],"author":[{"embeddable":true,"href":"https:\/\/www.visavis-immobilien.de\/index.php?rest_route=\/wp\/v2\/users\/1"}],"replies":[{"embeddable":true,"href":"https:\/\/www.visavis-immobilien.de\/index.php?rest_route=%2Fwp%2Fv2%2Fcomments&post=12"}],"version-history":[{"count":22,"href":"https:\/\/www.visavis-immobilien.de\/index.php?rest_route=\/wp\/v2\/pages\/12\/revisions"}],"predecessor-version":[{"id":250,"href":"https:\/\/www.visavis-immobilien.de\/index.php?rest_route=\/wp\/v2\/pages\/12\/revisions\/250"}],"wp:attachment":[{"href":"https:\/\/www.visavis-immobilien.de\/index.php?rest_route=%2Fwp%2Fv2%2Fmedia&parent=12"}],"curies":[{"name":"wp","href":"https:\/\/api.w.org\/{rel}","templated":true}]}}